 8. Let y(c) = -c**2 - 1. Let d(a) = -r(a) - 3*y(a). Give d(4).
-17
Let f(n) be the third derivative of -n**4/24 - 2*n**3/3 + 2*n**2 + 46. Give f(-8).
4
Let x(j) = -8*j**3 - 7*j**2 + 6*j + 5. Let t(z) = 15*z**3 + 13*z**2 - 11*z - 9. Let w(n) = -6*t(n) - 11*x(n). What is w(-2)?
11
Let f(p) = p**3 - 3*p**2 - 4*p + 2. Let s = 2 - -1. Let i be 3 + -1 + 15/s. Suppose -b + 1 = l, -4*l = -4*b - i - 21. Calculate f(l).
2
Let n(h) = 4*h**2 + 2 + h + 3*h - 3*h**2 + 0. Give n(-2).
-2
Let t(b) be the second derivative of -b**4/12 - 5*b**3/6 + b**2 - 10*b. Let x = -15 - -11. Determine t(x).
6
Let f(w) = w**2 + 2*w. Let l be f(-2). Suppose 6 = -3*j, l*i - 3*i - 5*j - 4 = 0. Suppose 4*s + 8 = 5*v, -s - 2*v + 17 = i*s. Let n(r) = -r + 2. What is n(s)?
-1
Let n(s) = s + 1. Let v(u) = u**2 + 12*u + 22. Let k be v(-10). What is n(k)?
3
Let i(a) = a**3 + a. Let g(m) = -2*m**2 - m - 1. Let w be g(-1). Give i(w).
-10
Let q(n) = 3*n. Let b = 85 + -86. Calculate q(b).
-3
Let h(y) = 7 - y**3 + 2*y - 9 - 2*y**2 - 3*y**2. Give h(-5).
-12
Let j(a) = -a - 6. Let o(u) = -3. Let b(c) = 3*j(c) - 5*o(c). Let m be ((-4)/5)/((-14)/(-35)). What is b(m)?
3
Let v(n) = n - 1. Let x(y) = y**2 + 2*y - 2. Let d(a) = 2*v(a) + x(a). What is d(-6)?
8
Suppose -8 - 7 = -5*x. Let z(b) = b**2 + 2*b. Let q(o) = -o**2 - o. Let d(m) = 2*q(m) + z(m). What is d(x)?
-9
Let p be 0/(1 - (3 + -3)). Let j(v) be the third derivative of 0 + 1/60*v**5 + 0*v**4 + 2*v**2 - 1/120*v**6 + p*v + 2*v**3. Determine j(0).
12
Suppose 4*u + s = -s + 20, -2*u + 18 = 3*s. Let n(d) = u - 5 + 0 + 5 + d. Determine n(3).
6
Let s be 754/104 + (-2)/8. Let k(r) = r**2 - 7*r - 8. Calculate k(s).
-8
Let z(x) = -3 + x**2 + 5*x - 1 + 1 - x**3. Let o be (16/(-20))/2*5. Let y be -3*-2*o/(-4). Determine z(y).
-6
Let d(t) be the second derivative of -1/20*t**5 + 0 + 2*t**2 - 2*t + 1/4*t**4 + 1/3*t**3. Give d(3).
10
Suppose 23*a - 26*a = 18. Let h(l) be the first derivative of l**2/2 + 6*l + 1. Calculate h(a).
0
Let f(t) = -t**2 - t - 2. Let j(n) = -2*n**2 - 2*n - 3. Let l(x) = -5*f(x) + 3*j(x). What is l(-2)?
-1
Let s be 0 - (1*-1 - (-345)/360). Let y(k) be the third derivative of 1/60*k**5 + 2*k**2 + 0*k - 5/3*k**3 + s*k**4 + 0. Give y(0).
-10
Let r(n) = n**2 + 2*n + 2. Let h be r(-4). Suppose -5*c + h*c + 25 = 0, 0 = 4*f + c - 7. Let b(v) = -5 + 2 + 2*v - v. Determine b(f).
0
Let r(v) = -2*v + 14. Let m be r(6). Let z = -1 + m. Let q(w) = 5*w**2 + 1. Determine q(z).
6
Suppose 1 + 3 = 5*n - i, 5*n + 2*i - 7 = 0. Let h(r) = 5*r**2 - r + 1. What is h(n)?
5
Let y(r) be the third derivative of -r**7/840 - r**6/360 + r**4/12 + 2*r**3/3 + 4*r**2. Let n(z) be the first derivative of y(z). What is n(2)?
-10
Let c(u) = 8*u + 7. Let d(q) = -4*q - 4. Let w(i) = 4*c(i) + 7*d(i). Determine w(1).
4
Let l(t) = -t**2 - 4*t - 1. Let q be l(-5). Let s be 2/(-6)*1*q. Let c(y) = -y**s - 1 - 4*y + 0*y**2 + 7 + 0*y**2. Determine c(-5).
1
Let k(m) = -m**2 + 4*m + 10. Let v(u) = -u**2 + 5*u + 11. Let a(i) = -5*k(i) + 4*v(i). Suppose 4*d + 3*n = 6, n - 2 = 5*d - 2*d. Calculate a(d).
-6
Let s(c) = c - 10. Let a be s(13). Let d(t) = -2*t + 4*t - a*t + 7. What is d(6)?
1
Let w(y) be the second derivative of y**5/20 + y**4/12 + y**3/6 - 23*y. Determine w(-2).
-6
Suppose 0 = p + 3*z, 3*p + 5*z - 7 = -p. Suppose d + 2*w - 4 = -d, -16 = -5*d - 2*w. Let b(t) = -1 - 2 + d + t. Calculate b(p).
4
Let v = -3 + 5. Let a(m) be the first derivative of 3*m**2/2 - 3*m - 21. What is a(v)?
3
Suppose 0 = 5*z - 15. Let v(w) = -1. Let b(d) = d - 3. Suppose -2*i = -4*f + 18, 5*i + 40 = 5*f + 5. Let k(x) = f*v(x) - b(x). What is k(z)?
-2
Let b(y) = -4*y**2 + 12 - 5*y**3 - 3*y + 4 + 6*y**3 - 10. Suppose -k - 3 = -7. Give b(k).
-6
Let z(p) = -13*p - 8. Let x(i) = i**3 + 6*i**2 + 4*i - 1. Let l be x(-5). Let o(j) = 3*j + 2. Let m(v) = l*z(v) + 18*o(v). Determine m(-4).
-4
Let f = -153 + 157. Let m(b) be the third derivative of 2*b**2 + 1/24*b**f + 0 + 0*b**3 + 0*b. Determine m(5).
5
Let n = -5 - -5. Let d(m) = -m**2 + m - 6. Calculate d(n).
-6
Let w(u) = -5*u**3 + 12*u**2 - u - 9. Let h(z) = 9*z**3 - 23*z**2 + 2*z + 17. Let q(c) = -6*h(c) - 11*w(c). Determine q(-6).
3
Let d(a) = -a + 7. Suppose y + 1 = -2. Let c(f) = -2*f + 8. Let k(v) = -v**2 + 6*v + 2. Let n be k(6). Let g(m) = n*c(m) + y*d(m). Calculate g(-3).
-2
Suppose 10 + 0 = -2*f. Let q(w) be the first derivative of -w**4/4 - 5*w**3/3 - 3*w**2/2 + 1. Determine q(f).
15
Suppose v - 3*v - 2*z + 18 = 0, 5*v = -2*z + 30. Suppose -x + 2 = -0. Let s(k) = -4*k - 4 + k**x - 2 + 2. Determine s(v).
-4
Let a(w) = w**2 - 6*w + 6. Suppose -3 = -3*y + 9. Suppose -m = 2*p - y*m - 12, 0 = 5*m. Calculate a(p).
6
Let m(f) = -f**2 - f - 6. Suppose -5*v + 4*o - 56 = 51, 0 = -2*o + 6. Let t = 19 + v. Determine m(t).
-6
Let v(f) = 4*f - f + 3*f + f**2 - 3*f. What is v(-4)?
4
Let z = 4 + -2. Let f(s) = 6*s + 0 - z - 3 + 7*s**2 + s**3. Let k be ((-54)/(-63))/((-1)/7). Determine f(k).
-5
Suppose 3*y = -3*i + 18, -y - 2 = -3*y. Suppose -2 = 2*h - 4*c, -5*h + 3*c + c = i. Let z(l) = 4*l**3 - l**2 - l - 1. What is z(h)?
-5
Suppose -15 = 5*g, -2*i - 6 = -i + 4*g. Let u(r) = r**2 - 7*r + 6. Determine u(i).
0
Let y = -37 + 29. Let q(s) = s**3 + 9*s**2 + 7*s + 3. Determine q(y).
11
Let z be (-4)/6 + 186/9. Suppose z = x + 3*x. Let q(t) = -t + 4. Determine q(x).
-1
Let k(y) = -2*y**2 - 3*y**3 - y**2 + 2*y**3 - 2*y. Determine k(-2).
0
Let z(r) = r**2 - 1 + r**3 - 1 - 2*r**2. Let j(u) = 9*u + 3. Let f be j(0). Determine z(f).
16
Let c(s) = s - 1. Let b be c(8). Suppose 0 = -b*l + 2*l + 15. Let k(i) = 1 - 3*i + 0 - 2 - l*i**2. What is k(-2)?
-7
Let n(j) = -j**3 - 7*j**2 - 6*j + 6. Suppose 0 = u - 3*m + 4 - 1, -4*m = -3*u - 4. Let c be (12/(-1))/2 + u. Determine n(c).
6
Let j be 2/(-6) + (-30)/(-9). Let p(y) = 5 - j + 3 - 6 - 3*y**2. Suppose 3 = -5*a + 8. Calculate p(a).
-4
Let g(f) be the third derivative of -f**4/24 - 2*f**3/3 + 4*f**2 + 1. Let w = -1 + 1. What is g(w)?
-4
Let r(l) be the third derivative of -l**6/120 + l**3/3 + 8*l**2. Determine r(2).
-6
Let j(r) = -2*r**3 - r**2 - 4*r - 16. Let h(t) = t**3 + t**2 + 2*t + 8. Let k(b) = -13*h(b) - 6*j(b). Give k(-7).
6
Let a(u) = u - 2. Let i(p) = 19*p**3 + 2*p**2 - 1. Let y be i(1). Let l = 16 - y. Calculate a(l).
-6
Let q(h) = 6*h - 3. Suppose 0 = -3*g - 12, -2*g = -2*x + 1 + 11. Let r = x + 0. Let l(d) = -2*d + 1. Let z(n) = r*q(n) + 7*l(n). What is z(-2)?
5
Let x(i) be the second derivative of -i**5/120 + i**4/12 + i**3 - 7*i. Let s(m) be the second derivative of x(m). Give s(-2).
4
Let h(c) = -c**2 + 2*c - 6*c - 2 + 3*c**2. Let u(p) = -p**2 - p - 1. Let y be (2 + -3)/(-4 + 3). Let w(m) = y*h(m) + 3*u(m). What is w(-4)?
7
Let n(g) be the first derivative of -g**4/2 + g**3 - g**2/2 - 2*g - 1. Let k = 8 + -6. Determine n(k).
-8
Suppose 0 = -2*k + 5*k + 3. Let t(r) = r + 3*r**3 - 5*r**3 + 0*r**3. Give t(k).
1
Let m(b) be the third derivative of b**6/120 + b**5/60 - b**3/3 - 7*b**2. Determine m(-2).
-6
Let s(q) = -q - 2. Suppose -4*f - 15 - 5 = 0. Give s(f).
3
Let o(p) = -p**2 + 2. Let r be (-3)/(-2) - (-4)/8. What is o(r)?
-2
Let v(z) = 9 - 19 + 6 + z. Let c be 0/(-2)*(-2)/(-4). Suppose c*g = g. Calculate v(g).
-4
Let q(j) = j - 2. Let p be q(2). Suppose p*c = -c - 5. Let b(v) = -v - 9. Give b(c).
-4
Let r(k) = 4*k**2 + k + 1. Let l be r(-1). Let w(n) = n**3 - n**2 + n + 1. Let s(o) = 4*o**3 - 7*o**2 + 4*o + 1. Let x(g) = -s(g) + 3*w(g). Calculate x(l).
-2
Let s(b) be the second derivative of 0 + 3/2*b**2 + b + 5/6*b**3 + 1/6*b**4. What is s(-3)?
6
Suppose -5*z = 4*j + 10, 3*j - 6 - 4 = 5*z. Let n(q) = -2 + 1 + 2*q**2 + j + 4*q - 3*q**2. Calculate n(5).
-6
Let b(y) = -y**2 + 5*y + 2. Suppose -3*t + 5*j - 13 = 0, -2*t - t - 3*j + 27 = 0. Determine b(t).
6
Let w(v) = 6 - 1 + v + 4 - 5. Determine w(5).
9
Let d be 14*1*(-2)/(-4). Let v(y) = y**3 + y + 1. Let k(r) = -3*r**3 - 6*r**2 - 9*r - 12. Let u(p) = -k(p) - 4*v(p). Calculate u(d).
-6
Let m(r) be the first derivative of -r**3/3 + 3*r**2/2 + 5*r + 20. Give m(4).
1
Suppose -3*a = a - 8. Let p(q) = -7 + 6*q**2 + 0*q**a + 6. Calculate p(-1).
5
Let i(q) = q + 23. Let w be i(-10). Let o(p) = p**2 - 12*p - 7. What is o(w)?
6
Let o = 0 - 1. Let f(v) = -5 + 28 - 4*v - 12 - 10. Give f(o).
5
Let f(x) be the third derivative of x**7/840 + x**6/120 - x**4/6 - x**3/